ommon factor of 32625 and 75255.
435
What is the highest common divisor of 11 and 8286157?
11
Calculate the greatest common divisor of 407 and 116237.
11
What is the highest common divisor of 2 and 10265?
1
Calculate the greatest common divisor of 2838 and 330.
66
Calculate the highest common factor of 13925 and 5975.
25
What is the highest common factor of 376 and 397714?
94
What is the highest common factor of 3 and 622101?
3
What is the highest common divisor of 2136 and 312?
24
What is the greatest common divisor of 2656 and 1192?
8
What is the greatest common divisor of 3648 and 280128?
192
What is the greatest common factor of 10413 and 695357?
1157
Calculate the highest common factor of 153 and 18921.
51
What is the highest common divisor of 160 and 13935?
5
Calculate the highest common divisor of 85 and 20630.
5
Calculate the greatest common factor of 476476 and 187.
187
Calculate the greatest common factor of 10509 and 11625.
93
Calculate the highest common factor of 6642 and 49086.
162
What is the greatest common factor of 11 and 43219?
11
What is the highest common factor of 118 and 592301?
59
What is the highest common factor of 33157 and 3269?
467
What is the highest common factor of 303 and 24831?
3
Calculate the highest common factor of 2959 and 209.
11
Calculate the greatest common divisor of 61490 and 8170.
430
Calculate the highest common factor of 2287278 and 1134.
1134
What is the highest common divisor of 9180 and 13311?
459
Calculate the greatest common divisor of 274976 and 416.
416
Calculate the greatest common factor of 3122 and 532.
14
What is the greatest common factor of 68 and 3349?
17
What is the greatest common factor of 436164 and 228?
228
Calculate the highest common factor of 3 and 80792.
1
Calculate the highest common divisor of 1050 and 191650.
50
What is the highest common factor of 10176 and 6996?
636
Calculate the greatest common divisor of 2508 and 12882.
114
What is the greatest common factor of 105 and 46095?
105
Calculate the highest common divisor of 1164 and 1013262.
582
Calculate the highest common divisor of 8022 and 18648.
42
What is the highest common divisor of 2675 and 306127?
107
Calculate the greatest common divisor of 421866 and 966.
138
Calculate the greatest common divisor of 20889 and 7029.
99
What is the highest common divisor of 829270 and 52?
26
What is the highest common divisor of 313000 and 250?
250
Calculate the greatest common divisor of 60 and 190746.
6
What is the highest common factor of 15741 and 424?
53
Calculate the greatest common divisor of 3796 and 806.
26
Calculate the greatest common divisor of 30353 and 1195.
239
What is the greatest common divisor of 3 and 429600?
3
Calculate the highest common factor of 6099461 and 173.
173
What is the highest common factor of 663 and 18717?
51
What is the greatest common divisor of 7668 and 1633?
71
Calculate the highest common divisor of 1311 and 4881727.
437
Calculate the greatest common divisor of 545768 and 136.
136
Calculate the highest common factor of 1976 and 3857.
19
Calculate the highest common factor of 192348 and 9516.
156
What is the highest common factor of 334 and 7073953?
167
Calculate the greatest common divisor of 27 and 332973.
9
What is the greatest common factor of 96 and 75904?
32
Calculate the highest common divisor of 87399 and 135.
27
Calculate the greatest common divisor of 72 and 31446.
18
Calculate the highest common divisor of 2629 and 24849.
11
What is the highest common divisor of 90 and 101580?
30
What is the greatest common divisor of 2107643 and 17?
17
What is the highest common factor of 2480096 and 204?
68
Calculate the highest common factor of 305251 and 7277.
383
What is the greatest common factor of 1077 and 19027?
359
What is the greatest common factor of 192 and 40128?
192
What is the greatest common divisor of 369054 and 6786?
522
Calculate the highest common factor of 1064288 and 842.
842
What is the greatest common divisor of 170 and 153?
17
Calculate the greatest common divisor of 23345 and 595.
35
What is the highest common factor of 1418619 and 1236?
309
What is the greatest common factor of 112649 and 127?
127
Calculate the greatest common divisor of 1757 and 4267.
251
Calculate the greatest common factor of 2064 and 64500.
516
What is the highest common divisor of 32079 and 102?
51
What is the greatest common divisor of 310 and 23994?
62
What is the greatest common divisor of 93006 and 36?
18
What is the greatest common divisor of 9484 and 4?
4
What is the greatest common factor of 1623 and 103331?
541
Calculate the greatest common divisor of 496 and 65168.
16
Calculate the greatest common factor of 1053 and 51.
3
Calculate the highest common divisor of 274212 and 540.
108
What is the highest common divisor of 2613 and 4251?
39
Calculate the highest common factor of 24 and 40472.
8
Calculate the highest common factor of 91872 and 180.
36
Calculate the highest common factor of 426942 and 36.
18
What is the highest common factor of 352 and 6424?
88
Calculate the greatest common divisor of 123645 and 15.
15
What is the highest common divisor of 913 and 108449?
11
Calculate the greatest common factor of 28770 and 1155.
105
Calculate the highest common factor of 24732 and 2916.
108
What is the greatest common divisor of 351 and 39?
39
Calculate the greatest common factor of 1232 and 2595472.
176
Calculate the highest common factor of 93812 and 376.
188
Calculate the greatest common factor of 20 and 131810.
10
Calculate the highest common divisor of 1598 and 63036.
34
What is the greatest common divisor of 1428 and 30648?
12
Calculate the highest common divisor of 2295 and 2727.
27
Calculate the highest common divisor of 66715 and 1485.
55
What is the greatest common factor of 129720 and 2961?
141
Calculate the greatest common divisor of 11260 and 5.
5
What is the highest common factor of 2599624 and 8?
8
What is the highest common factor of 103663 and 502?
251
What is the highest common factor of 5002 and 1599?
41
What is the highest common factor of 395760 and 32?
16
What is the highest common factor of 58755 and 90?
15
Calculate the greatest common divisor of 513 and 6489.
9
Calculate the greatest common factor of 2985 and 794607.
597
Calculate the greatest common divisor of 24739 and 132691.
2249
What is the greatest common divisor of 612 and 196248?
204
Calculate the highest common factor of 270107 and 1028.
257
What is the highest common divisor of 29040 and 15?
15
What is the highest common factor of 1672 and 72314?
418
Calculate the highest common factor of 75336 and 86.
86
What is the highest common divisor of 127838 and 246?
82
What is the highest common factor of 1732466 and 124?
62
What is the greatest common divisor of 56325 and 150?
75
Calculate the highest common factor of 798 and 6270.
114
Calculate the highest common factor of 7238 and 5082.
154
What is the highest common factor of 13888 and 684852?
868
What is the highest common factor of 2262 and 1202253?
1131
What is the highest common factor of 98071 and 65057?
971
Calculate the highest common factor of 213 and 3913449.
213
What is the greatest common factor of 26 and 101686?
26
Calculate the greatest common factor of 93785 and 35.
5
Calculate the greatest common divisor of 4452 and 2604.
84
What is the greatest common factor of 9232 and 190?
2
Calculate the greatest common divisor of 4878782 and 114.
38
What is the greatest common divisor of 880 and 3230960?
80
Calculate the highest common divisor of 1595 and 7150.
55
Calculate the highest common factor of 32805 and 75.
15
Calculate the greatest common divisor of 31399 and 544.
17
Calculate the highest common factor of 82388 and 12933.
479
Calculate the greatest common divisor of 290930 and 940.
470
What is the highest common factor of 187 and 16522?
11
What is the greatest common factor of 425840 and 592?
16
What is the highest common factor of 2178 and 10076?
22
Calculate the greatest common factor of 28140 and 41004.
804
Calculate the highest common divisor of 21222 and 486.
162
What is the greatest common divisor of 403 and 1426?
31
Calculate the greatest common divisor of 246222 and 9.
9
What is the greatest common divisor of 6920 and 1202696?
1384
What is t